(1/2). Suppose -l*a + 33 = -r. Is a a prime number?
True
Is (-3 - -1) + 133127/(34 - 17) a prime number?
True
Let y = 17333 - -26990. Is y a composite number?
True
Suppose -15750 = -8*g + 13*g. Let n = 6811 + g. Is n prime?
False
Suppose -9*y + 1281261 = 170904. Is y composite?
False
Suppose 0 = -2*a + 3*f + 420675, a + 3*f + 86925 = 297249. Is a composite?
True
Suppose 5*a = 20, a + 0*a - 4 = -2*y. Let i be 206/(-721)*(1974/4)/(-3). Suppose -3*g - 5*t = -80 - 82, y = g + 4*t - i. Is g composite?
False
Suppose 3*u - 34*v - 351324 = -37*v, u = -5*v + 117128. Is u composite?
True
Suppose -5*l = 2*m + 36, -l + 15 = -2*l - 3*m. Is (4/16*2)/(l/(-110724)) a prime number?
True
Is (4/(-1))/(300/(-1675125)) + 8 a composite number?
False
Let g = 3482300 + -1846659. Is g a composite number?
True
Suppose 0 = 27*s - 25*s - 18. Is -1090*(s/(-3) - 5/(-2)) composite?
True
Suppose 3*z + z = 16. Suppose -5 = z*a - 25. Suppose 0*o - 7612 = -4*o - a*s, -2*s + 7612 = 4*o. Is o a prime number?
False
Is 2/(-5) + (-7983192)/(-630) + (-1)/3 a composite number?
False
Suppose -l - 2*w = -w - 10, -w + 20 = 2*l. Let f = l + -4. Is (9/f)/(6/664) composite?
True
Let v(x) = 2*x**2 - 12*x - 25. Let m(r) = -2*r**2 + 11*r + 24. Let y(a) = -6*m(a) - 7*v(a). Let u be y(-13). Let n = -227 - u. Is n a composite number?
True
Suppose -666093 = -3*t + 2*h, 5*t + 888119 = 9*t - h. Is t composite?
False
Let s = -852 - 1894. Let d = s - -4403. Is d a prime number?
True
Let w(g) be the second derivative of -29*g**5/40 - 7*g**4/6 + 11*g**3/3 - 9*g. Let y(t) be the second derivative of w(t). Is y(-5) a prime number?
False
Let p be 38/8 + 27/(-36). Suppose 3*j + 10 = 5*j, -442 = -p*z + 2*j. Is z a prime number?
True
Suppose -104*y - 2057 = -87*y. Let u = 1272 + y. Is u composite?
False
Let r = -86 + 88. Is (1/r*-3831)/(3/(-10)) composite?
True
Let i(v) = -v. Let c(n) be the third derivative of -47*n**4/12 + 31*n**3/6 - 32*n**2. Let o(t) = -c(t) - 2*i(t). Is o(13) a composite number?
False
Let g(z) be the first derivative of 29*z**2/2 + 30*z - 50. Is g(32) composite?
True
Let y(t) = -148*t + 17. Let q(m) = m**3 + 18*m**2 - 19*m - 3. Let s be q(-19). Let v be s/2 - (-2)/(-4) - 3. Is y(v) a prime number?
True
Let a = 13085 - 3522. Suppose 69347 = 26*q - a. Is q a composite number?
True
Let w(l) = 4957*l - 2904. Is w(5) composite?
False
Suppose 4*p - 5*h - 218098 + 19710 = 0, 0 = -2*p + 3*h + 99194. Is p a prime number?
True
Suppose -4*i = -1163 - 253. Suppose c - 212 = p + 4*p, -2*c - 4*p = -i. Is c a composite number?
True
Let k(a) = -155*a**3 - 12*a**2 - 136*a - 1936. Is k(-15) a prime number?
True
Suppose -4*l - 2*m = -4 - 44, 2*m = 8. Suppose 0 = -9*u + l*u - 1259. Is u a composite number?
False
Let g(u) = u**3 - 10*u**2 - 2. Let w be g(10). Let i = -143 + 156. Is 390 + ((-55)/(-65) - w/i) a prime number?
False
Let z(h) = 157565*h - 2761. Is z(16) composite?
True
Suppose 15*p - 10845 = 12210. Is p + -5*24/(-20) composite?
False
Suppose -2*r - 6*a + 19328 = -5*a, 0 = 9*r - 4*a - 86925. Is r a prime number?
True
Let h be (-1)/(-4) - (-153)/(-4). Let u = -200 + 83. Let d = h - u. Is d composite?
False
Let u be ((-992)/24)/((-6)/45). Suppose 2*w + u = 920. Let x = w + -202. Is x prime?
True
Suppose -w + 0*w - 5*f + 40075 = 0, 0 = 2*w + 4*f - 80126. Suppose 3*m + 2*m - w = 0. Suppose 2*a + 179 = d + 3384, 4*d = 5*a - m. Is a prime?
False
Let t = -1 - -3. Let s(m) be the first derivative of 53*m**3 - 3*m**2/2 + m + 1085. Is s(t) a composite number?
False
Suppose 73*z - 25 = 68*z. Suppose r + z*q = 667, -18*r + 15*r + q + 1937 = 0. Is r a prime number?
True
Suppose 177*s = -144*s + 462644139. Is s a prime number?
True
Is -2 + (346 - -14) - -13 a prime number?
False
Suppose -2*n = -5*p - 31312, 2283 = -p + 3*n - 3969. Let r(q) = 1290*q**3 - q**2 - 3*q + 5. Let o be r(2). Let h = p + o. Is h a composite number?
False
Let w = 86001 - -403528. Is w composite?
False
Let m = 22204 - -8347. Is m a composite number?
True
Suppose 14*c = 29*c - 49410. Suppose 4*w - 13198 = v + v, w + 5*v = c. Is w a prime number?
True
Let h(t) = 480*t**2 + 11*t - 2. Let v be h(5). Let c = v + -18329. Let j = c + 11095. Is j a prime number?
False
Suppose -14*r = 266680 - 1668486. Is r a composite number?
False
Let l be 0 + 1 + -2 + (18 - -2). Suppose 29 = 5*x + l. Suppose 0 = 5*g - 6*v + 4*v - 12291, 2*g - x*v - 4914 = 0. Is g a composite number?
False
Suppose 12*o + 1263 - 9747 = 0. Let u = -270 + o. Let k = -96 + u. Is k a prime number?
False
Let n(j) = 41*j**3 - 6*j**2 - 3*j - 18. Let i be n(7). Is (56/(-140))/((-2)/i) a prime number?
False
Let x(v) be the second derivative of 269*v**5/120 + v**4/24 + 10*v**3/3 + 38*v. Let i(m) be the second derivative of x(m). Is i(8) composite?
False
Let j(w) = 2273 + 6144 - w - 981 + 2589. Let o be j(0). Suppose o = 13*h - 13674. Is h a composite number?
False
Let i be ((-2)/16 - 26978/9840) + 2/(-15). Let w be 46/(-3) - (-1)/3. Is i/(w/3505) - 0 prime?
True
Suppose 670016 = 8*i - 27*i. Let q = -19967 - i. Is q prime?
False
Let o be (-3783)/(-221) - (-2)/(-17). Suppose 0 = -o*l + 21*l + 8. Let s(a) = -137*a**3 + 2*a**2 + 2*a + 1. Is s(l) composite?
True
Suppose 3*b - 2*g = -g + 38110, -3*b + 4*g + 38104 = 0. Suppose -4*y + 15363 - 2665 = 2*p, 0 = 2*p + y - b. Is p a prime number?
True
Suppose -5*c + 761 = -2*c + 4*u, 0 = 4*u + 4. Let o = 1 + c. Suppose v - o = -g, -2*g - v + 692 = 177. Is g composite?
True
Let q(f) = f**2 + 5*f - 19. Let t(m) be the first derivative of 5*m**3/3 - 21*m**2/2 - m - 15. Let h be t(5). Is q(h) composite?
True
Let q = -297 + 300. Suppose -q*b + 3*g = -314 - 1705, -3*b + 2019 = -5*g. Is b a prime number?
True
Let w be 1/(-3) + 78/18. Suppose -4*u + 5*r + 369 = 0, 0 = -u - 4*r + 5*r + 92. Suppose -194 = -b + k, w*b + 5*k - 730 = u. Is b a prime number?
True
Let x(w) = 1872*w**2 + 264*w - 523. Is x(2) a prime number?
False
Let v(o) be the second derivative of -142*o**3 - 11*o**2/2 - 244*o. Is v(-1) composite?
True
Suppose -f - 4 = 2*v - 3*f, 0 = 5*f + 20. Let m(r) = r**3 + 5*r**2 - 7*r - 4. Let i be m(v). Is (-2 - i - -500) + 3 a composite number?
False
Let i = 305429 + -205948. Is i prime?
False
Let o = -810 + 113567. Is o a composite number?
False
Let v be 1*(-3)/(6/(-1036)) + 4. Let w = 242 - v. Let z = -169 - w. Is z composite?
True
Let t(d) be the second derivative of 67*d**4/12 + d**3 + 7*d**2/2 + 61*d. Is t(-4) a composite number?
True
Suppose 0 = -3*n - 5*w + 6*w + 24, -5*n - 3*w = -26. Let s(h) = 32*h**2 + 16*h - 25. Is s(n) a composite number?
True
Suppose 64*d = 135796 + 474316. Is d a composite number?
False
Let d = -337216 - -516189. Is d a prime number?
True
Let p(s) = 459*s**2 - 20*s - 150. Is p(19) a prime number?
False
Suppose 12 = 5*z - t - 0, 2*t + 10 = 3*z. Let a be (z/(-4))/((-3)/10098). Suppose 8*u = -u + a. Is u prime?
False
Let j(v) = -v + 9. Let d be j(-10). Suppose -d*o - 6547 = -34496. Is o a composite number?
False
Suppose y + 7*w + 2 = 4*w, 3*y + 4*w - 4 = 0. Suppose -4*l = -y*l - 3*l. Suppose -2*q + 405 + 373 = l. Is q prime?
True
Suppose 14*h - 64*h = 16*h + 20790. Suppose -127 - 1003 = -5*x. Let c = x - h. Is c a prime number?
True
Let a = -53524 - -75904. Is (-141)/(-2)*a/90 prime?
False
Let m(b) = 6555*b**2 + 14*b + 56. Is m(-3) composite?
False
Let w = 9 - 6. Suppose -w*a - 5*r = -299, 2*r - 1 = -5. Suppose 0 = -6*m + 7*m - a. Is m prime?
True
Let r(b) = -b**3 + 293 + 3*b**2 + 0*b + 3*b - 297. Let i be r(3). Is (1 + i)/3*719/2 a composite number?
False
Suppose -7*h + 113 + 517 = 0. Is (35/(-5) + h)/1 prime?
True
Suppose -131*l - l + 16528908 = 0. Is l a prime number?
True
Suppose -139*m + 26313801 = -29996350. Is m a composite number?
True
Let n be 1*-3 + (-27 - -60 - -3766). Let a(x) = -325*x**3 + x**2 - x - 1. Let q be a(-2). Let f = n - q. Is f a prime number?
False
Suppose -23*h + 25*h - 12 = 0. Let k = 30 + -23. Is (42/h)/k*(563 - 0) a composite number?
False
Let v(y) = -y**2 - 9*y - 26. Let s be v(-5). Let u be s/18 - 16/6 - -6. Suppose 8*t = u*t + 1270. Is t prime?
False
Is 25 + 1 + (-16449250)/(-190) a composite number?
True
Let w = 13446 + -8983. Is 18/45 - w*3/(-15) composite?
True
Suppose 0 = 14*n - 6*n + 20912. Let z = 1207 - n. Is z composite?
False
Let u(s) = s**3 - 5*s**2 + 2*s - 6. Let o be u(5). Suppose -